et l(j) = -j**3 + 2*j**2 - 160*j + 5. What is l(0)?
5
Let h(s) = -13*s**2 + 88*s + 515. Calculate h(-6).
-481
Let y(u) = -20*u + 382. Calculate y(15).
82
Let m(t) = 427*t - 3396. What is m(8)?
20
Let n(j) = 54*j + 205. What is n(0)?
205
Let t(l) = -14*l + 241. Determine t(10).
101
Let m(k) = -2*k**3 - 89*k**2 - 59*k - 694. Determine m(-44).
-34
Let i(c) = -c**3 + 82*c**2 - 1041*c - 991. Calculate i(66).
-1
Let b(d) = 10983*d - 65900. Give b(6).
-2
Let c(s) = s**2 + 2029*s - 65947. Give c(32).
5
Let n(f) = -f**2 + 125*f - 1276. Calculate n(114).
-22
Let w(y) = -4097*y + 86017. Give w(21).
-20
Let f(y) = -2*y**2 - 36*y + 171. Calculate f(7).
-179
Let c(w) = w - 69. Give c(29).
-40
Let h(s) = 2*s**3 - s**2 - 102*s + 198. Calculate h(2).
6
Let b(s) = -s**2 + 201. Calculate b(11).
80
Let j(i) = -i**3 + 32*i**2 - 375*i + 2209. Calculate j(18).
-5
Let b(c) = -5*c - 327. What is b(-29)?
-182
Let w(y) = -24*y + 45. What is w(6)?
-99
Let u(o) = 28*o**2 + 18*o + 1. What is u(-4)?
377
Let x(r) = r**3 + 16*r**2 + 3*r - 4. Determine x(-15).
176
Let b(s) = 2*s**2 + 53*s - 1848. Calculate b(20).
12
Let h(j) = 9*j**2 - 6*j - 10. Give h(-2).
38
Let s(q) = q**3 + 10*q**2 - 226*q + 7. Calculate s(-20).
527
Let s(c) = -c**3 + 38*c**2 - 250*c + 189. What is s(30)?
-111
Let l(r) = -r**2 - 41*r - 31. Determine l(-29).
317
Let g(o) = 13*o**2 - 6*o - 12. Give g(1).
-5
Let y(a) = 2*a**2 + 164*a + 1157. What is y(-8)?
-27
Let p(l) = l + 103. What is p(-16)?
87
Let u(y) = -20*y**3 + 140*y**2 - 203*y + 21. Calculate u(5).
6
Let j(m) = -m**2 + 49*m - 522. Give j(31).
36
Let i(w) = 3*w**2 + 66*w - 52. Determine i(-21).
-115
Let a(q) = q**3 - 15*q**2 - 50*q - 500. Calculate a(19).
-6
Let m(u) = -3*u**3 + 18*u**2 + 12*u + 8. What is m(6)?
80
Let i(r) = -118*r - 4500. Determine i(-38).
-16
Let y(h) = 147*h + 359. What is y(-9)?
-964
Let t(q) = q**2 + 283*q + 10139. Give t(-42).
17
Let z(o) = 2*o**3 + 40*o**2 - 47*o - 96. What is z(-21)?
9
Let w(a) = a**3 + 20*a**2 + 166*a + 4621. Calculate w(-22).
1
Let x(l) = 31*l**2 + 64*l + 119. What is x(-2)?
115
Let x(l) = 3*l**3 - 8*l**2 - 25*l - 12. Calculate x(-3).
-90
Let z(t) = -22*t - 6. Calculate z(-3).
60
Let s(z) = z**2 - 32*z + 138. Calculate s(6).
-18
Let b(h) = -h**3 + 3*h**2 + 1838*h - 5511. Give b(3).
3
Let c(p) = p**2 - 335*p + 10744. Give c(36).
-20
Let a(u) = -u**2 + 26*u + 351. Determine a(-10).
-9
Let v(m) = 2*m**3 - 150*m**2 + 292*m + 50. Determine v(73).
50
Let c(p) = -642*p - 1933. What is c(-3)?
-7
Let a(v) = v**3 + 4*v - 121. What is a(0)?
-121
Let p(s) = -3*s**3 + 67*s**2 + 200*s + 3. Calculate p(25).
3
Let f(q) = 664*q - 6075. Determine f(9).
-99
Let r(w) = -w**3 + 25*w**2 + 500*w - 640. Give r(-14).
4
Let b(c) = 5*c**3 - 8*c**2 + 13*c + 18. Calculate b(4).
262
Let m(r) = -10*r**2 - 2763*r - 832. Calculate m(-276).
-4
Let w(z) = z**3 - 19*z**2 + 47*z + 30. Give w(16).
14
Let o(n) = 2*n**3 - 11*n**2 + 7*n - 12. Calculate o(5).
-2
Let d(a) = -9*a**3 + 86*a**2 + 36*a + 58. Determine d(10).
18
Let a(t) = 14*t**2 + 77*t + 19. Give a(0).
19
Let a(d) = 17*d**3 + 37*d**2 + 8*d + 15. What is a(-2)?
11
Let i(r) = 47*r - 44. Calculate i(2).
50
Let v(p) = -p**2 + 1965*p + 1963. Determine v(-1).
-3
Let d(o) = -3362*o + 57143. Determine d(17).
-11
Let s(p) = -5*p**2 + 537*p - 1565. Calculate s(3).
1
Let y(x) = 49*x**2 + 41*x - 18. Calculate y(-1).
-10
Let m(p) = -254*p - 6105. Calculate m(-24).
-9
Let i(z) = 6*z**2 + 4*z - 29. What is i(7)?
293
Let f(j) = -93*j**2 + 160*j - 15. What is f(2)?
-67
Let l(v) = -v**2 - 33*v + 630. What is l(-55)?
-580
Let l(b) = -4*b**3 - 40*b**2 + 34*b + 6. What is l(1)?
-4
Let s(i) = -584*i - 3488. Calculate s(-6).
16
Let m(p) = -23*p + 181. Calculate m(9).
-26
Let n(h) = -3*h**3 - 103*h**2 - 37*h - 104. Give n(-34).
-2
Let v(p) = p**3 + 5*p**2 - 19*p - 26. Determine v(-7).
9
Let v(h) = h**3 - 32*h**2 - 23*h - 326. Determine v(33).
4
Let l(p) = 2*p**2 + 50*p - 86. Give l(-22).
-218
Let l(r) = r**3 - 11*r**2 + 2*r + 4. Calculate l(3).
-62
Let t(z) = -z**3 + 140*z**2 + 152*z - 1528. Calculate t(141).
23
Let f(v) = -v**3 - 77*v**2 + 73*v - 369. What is f(-78)?
21
Let p(o) = -o**3 - 16*o**2 - 17*o - 20. Calculate p(-15).
10
Let r(u) = -127*u - 90. Determine r(-1).
37
Let i(m) = 125*m + 2111. What is i(-16)?
111
Let f(t) = -68*t - 928. What is f(-14)?
24
Let h(o) = -o**2 + 65*o + 112. Determine h(67).
-22
Let v(f) = f**3 + 33*f**2 - 81*f - 1569. Give v(-34).
29
Let w(z) = z**2 - 80*z - 351. Calculate w(82).
-187
Let s(g) = -198*g + 3627. What is s(19)?
-135
Let u(a) = -8*a**2 - 68*a - 17. Give u(-8).
15
Let x(z) = -1338*z - 66899. Determine x(-50).
1
Let i(n) = -1716*n + 13751. Give i(8).
23
Let p(c) = -14*c - 350. Calculate p(-9).
-224
Let f(s) = -191*s - 1138. Determine f(-7).
199
Let h(c) = c + 71. Give h(-14).
57
Let u(z) = z**3 - 15*z**2 + 36*z - 4. What is u(3)?
-4
Let a(u) = -77*u**3 + 27*u**2 + 21*u - 5. Give a(-1).
78
Let i(n) = -2*n - 244. Give i(-13).
-218
Let m(z) = z**3 - z**2 - 9*z + 6. Determine m(-3).
-3
Let w(p) = 11*p**2 - 7*p - 27. Calculate w(-4).
177
Let f(t) = 429*t - 29186. What is f(68)?
-14
Let w(n) = -76*n + 40. What is w(1)?
-36
Let l(c) = 3*c**3 + 6*c**2 - 6*c + 17. Give l(-6).
-379
Let m(a) = -a**3 - 3*a**2 + 38*a + 8. Determine m(0).
8
Let b(k) = -k - 35. Determine b(-25).
-10
Let t(d) = d**2 - 136*d - 1622. Calculate t(-11).
-5
Let p(a) = 117*a + 1324. What is p(-12)?
-80
Let c(z) = -61*z + 886. Give c(15).
-29
Let o(i) = -3*i**2 - 262*i + 57941. Determine o(102).
5
Let p(s) = 2*s**2 + 7*s - 117. Give p(-11).
48
Let c(f) = 2*f**3 - 55*f**2 + 32*f - 121. What is c(27)?
14
Let u(r) = -2*r**3 + 2*r**2 + 11*r - 3. Determine u(3).
-6
Let r(x) = -x**2 - x + 341. Determine r(18).
-1
Let z(x) = -335*x + 6705. What is z(20)?
5
Let z(t) = -2*t + 365. Calculate z(61).
243
Let b(l) = l**2 - 578*l - 4596. What is b(-8)?
92
Let v(p) = -554*p + 3862. Calculate v(7).
-16
Let r(f) = -297*f - 11574. Calculate r(-39).
9
Let c(l) = -235*l - 472. Give c(-2).
-2
Let a(y) = 4*y**2 + 54*y + 586. Calculate a(-15).
676
Let b(y) = -466*y + 5. What is b(0)?
5
Let z(y) = -10*y**2 + 82*y - 9. Determine z(8).
7
Let u(g) = 30*g**2 - 163*g + 4. Determine u(6).
106
Let z(a) = 8*a**2 - 11*a - 54. What is z(6)?
168
Let q(n) = n**3 + 24*n**2 + 99*n + 91. Give q(-19).
15
Let p(o) = -91*o**2 - 1021*o - 218. What is p(-11)?
2
Let t(r) = 622*r + 107603. Calculate t(-173).
-3
Let r(b) = 71*b + 830. Give r(-13).
-93
Let y(s) = -2*s**2 - 45*s + 4. Calculate y(-22).
26
Let z(a) = -7*a - 87. What is z(-7)?
-38
Let k(q) = 3*q**2 + 146*q - 189. What is k(-50)?
11
Let x(a) = 316*a + 2113. Calculate x(-5).
533
Let f(q) = -2*q**2 - 133*q - 779. What is f(-60)?
1
Let k(a) = 7*a**2 - 142*a + 169. What is k(19)?
-2
Let n(w) = 203*w - 16653. Determine n(82).
-7
Let g(z) = 4*z**3 - 154*z**2 + 216*z + 286. What is g(37)?
64
Let t(g) = -5*g**3 - 49*g**2 - 76*g - 7. Determine t(-9).
353
Let l(r) = 7*r**3 + 1211*r**2 - 1221*r - 513. Determine l(-174).
9
Let b(d) = -676*d - 3386. What is b(-5)?
-6
Let d(i) = -65*i**2 - 3*i - 11. What is d(-2)?
-265
Let z(p) = p**3 - 15*p**2 - 8*p + 120. What is z(15)?
0
Let p(o) = 385*o - 42350. What is p(110)?
0
Let x(r) = -r**2 + 21*r - 77. Determine x(16).
3
Let y(l) = -94*l - 1506. Calculate y(-16).
-2
Let n(w) = -2*w**2 + 6*w + 125. Calculate n(-7).
-15
Let v(b) = 3*b**3 + 22*b**2 + 293*b + 2471. Determine v(-8).
-1
Let a(g) = -g**2 - 9*g - 3. Determine a(0).
-3
Let n(q) = 12*q**2 + 138*q - 56. Calculate n(-12).
16
Let b(a) = -2*a**2 - 11*a - 128. Give b(-8).
-168
Let v(i) = 41*i + 209. Calculate v(-5).
4
Let r(d) = 19*d + 471. Calculate r(-24).
15
Let v(n) = 3*n**2 - 36*n - 48. Give v(13).
-9
Let a(n) = -n**3 - 28*n**2 - 181*n + 22. Calculate a(-16).
-154
Let p(n) = -2*n**2 + 100*n - 1268. Calculate p(29).
-50
Let v(k) = k**2 + 54*k + 9. Determine v(-54).
9
Let y(b) = -b**3 - 5*b**2 + 44*b + 82. Determine y(-9).
10
Let z(p) = 3*p**2 + 70*p - 198. Calculate z(-26).
10
Let k(q) = -63*q + 1230. Give k(19).
33
Let m(h) = h**3 + 4*h**2 - 41*h - 60. What is m(-8)?
12
Let y(v) = -2*v**3 - 4*v**2 + 21*v + 61. Determine y(-3).
16
Let u(o) = -2*o**2 - 82*o - 26. What is u(-41)?
-26
Let z(v) = -v**3 - 10*v**2 + 23*v - 3. Calculate z(-12).
9
Let h(z) = -z**3 + 64*z**2 + 66*z - 112. Give h(65).
-47
L